{"id":1545,"date":"2017-01-04T08:04:09","date_gmt":"2017-01-04T08:04:09","guid":{"rendered":"http:\/\/localhost\/finance\/?page_id=5"},"modified":"2021-01-25T12:41:53","modified_gmt":"2021-01-25T12:41:53","slug":"my-home","status":"publish","type":"page","link":"https:\/\/uzmandokum.com.tr\/demo\/","title":{"rendered":"Anasayfa"},"content":{"rendered":"<p>[vc_row full_width=&#8221;stretch_row_content_no_spaces&#8221; parallax_speed=&#8221;4&#8243; parallax_x=&#8221;4&#8243; parallax_y=&#8221;4&#8243;][vc_column][rev_slider_vc alias=&#8221;slide-home&#8221;][\/vc_column][\/vc_row][vc_row full_width=&#8221;stretch_row&#8221; parallax_speed=&#8221;4&#8243; parallax_x=&#8221;4&#8243; parallax_y=&#8221;4&#8243; css=&#8221;.vc_custom_1484559993316{padding-top: 60px !important;padding-bottom: 60px !important;}&#8221;][vc_column width=&#8221;1\/3&#8243;]\t\n\t<div class=\"flat-imagebox  \">\n\t\t<div class=\"flat-imagebox-inner\">\n\t\t\t\t\t\t\t<div class=\"flat-imagebox-image\">\n\t\t\t\t\t<img width=\"1280\" height=\"853\" src=\"https:\/\/uzmandokum.com.tr\/demo\/wp-content\/uploads\/2021\/01\/IMG_2812.jpg\" class=\"attachment-full\" alt=\"\" loading=\"lazy\" srcset=\"https:\/\/uzmandokum.com.tr\/demo\/wp-content\/uploads\/2021\/01\/IMG_2812.jpg 1280w, https:\/\/uzmandokum.com.tr\/demo\/wp-content\/uploads\/2021\/01\/IMG_2812-300x200.jpg 300w, https:\/\/uzmandokum.com.tr\/demo\/wp-content\/uploads\/2021\/01\/IMG_2812-1024x682.jpg 1024w, https:\/\/uzmandokum.com.tr\/demo\/wp-content\/uploads\/2021\/01\/IMG_2812-768x512.jpg 768w, https:\/\/uzmandokum.com.tr\/demo\/wp-content\/uploads\/2021\/01\/IMG_2812-370x247.jpg 370w, https:\/\/uzmandokum.com.tr\/demo\/wp-content\/uploads\/2021\/01\/IMG_2812-600x400.jpg 600w\" sizes=\"(max-width: 1280px) 100vw, 1280px\" \/>\t\t\t\t<\/div>\n\n\t\t\t\n\t\t\t<div class=\"flat-imagebox-header\">\n\t\t\t\t<h3 class=\"flat-imagebox-title\">\n\t\t\t\t\t<a href=\"#\" target=\"_self\">\n\t\t\t\t\t\tKum D\u00f6k\u00fcm\t\t\t\t\t<\/a>\t\n\t\t\t\t<\/h3>\n\n\t\t\t\t\t\t\t<\/div>\n\n\t\t\t<div class=\"flat-imagebox-content\">\n\t\t\t\t\t\t\t\t\t<div class=\"flat-imagebox-desc\">\n\t\t\t\t\t\t\n\nKum kal\u0131ba d\u00f6k\u00fcm y\u00f6ntemi en \u00e7ok kullan\u0131lan d\u00f6k\u00fcm y\u00f6ntemlerinden biridir.\n\n\t\t\t\t\t<\/div>\n\t\t\t\t\t\t\t\t\n\t\t\t\t\t\t\t\t\t\n\t\t\t\t\t<div class=\"flat-imagebox-button\">\n\t\t\t\t\t\t<a href=\"#\" target=\"_self\">\n\t\t\t\t\t\t\tDetayl\u0131 \u0130ncele\t\t\t\t\t\t<\/a>\n\t\t\t\t\t<\/div>\n\n\t\t\t\t\t\t\t<\/div>\n\t\t<\/div>\n\t<\/div>\t\n[\/vc_column][vc_column width=&#8221;1\/3&#8243;]\t\n\t<div class=\"flat-imagebox  \">\n\t\t<div class=\"flat-imagebox-inner\">\n\t\t\t\t\t\t\t<div class=\"flat-imagebox-image\">\n\t\t\t\t\t<img width=\"920\" height=\"600\" src=\"https:\/\/uzmandokum.com.tr\/demo\/wp-content\/uploads\/2021\/01\/gravity-001.jpg\" class=\"attachment-full\" alt=\"\" loading=\"lazy\" srcset=\"https:\/\/uzmandokum.com.tr\/demo\/wp-content\/uploads\/2021\/01\/gravity-001.jpg 920w, https:\/\/uzmandokum.com.tr\/demo\/wp-content\/uploads\/2021\/01\/gravity-001-300x196.jpg 300w, https:\/\/uzmandokum.com.tr\/demo\/wp-content\/uploads\/2021\/01\/gravity-001-768x501.jpg 768w, https:\/\/uzmandokum.com.tr\/demo\/wp-content\/uploads\/2021\/01\/gravity-001-600x391.jpg 600w\" sizes=\"(max-width: 920px) 100vw, 920px\" \/>\t\t\t\t<\/div>\n\n\t\t\t\n\t\t\t<div class=\"flat-imagebox-header\">\n\t\t\t\t<h3 class=\"flat-imagebox-title\">\n\t\t\t\t\t<a href=\"#\" target=\"_self\">\n\t\t\t\t\t\tKokil D\u00f6k\u00fcm\t\t\t\t\t<\/a>\t\n\t\t\t\t<\/h3>\n\n\t\t\t\t\t\t\t<\/div>\n\n\t\t\t<div class=\"flat-imagebox-content\">\n\t\t\t\t\t\t\t\t\t<div class=\"flat-imagebox-desc\">\n\t\t\t\t\t\t\n\n\n\nKal\u0131b\u0131n\u0131n pahal\u0131 olmas\u0131 nedeniyle \u00e7ok say\u0131da par\u00e7an\u0131n \u00fcretimi i\u00e7in ideaildir.\n\n\n\n\t\t\t\t\t<\/div>\n\t\t\t\t\t\t\t\t\n\t\t\t\t\t\t\t\t\t\n\t\t\t\t\t<div class=\"flat-imagebox-button\">\n\t\t\t\t\t\t<a href=\"#\" target=\"_self\">\n\t\t\t\t\t\t\tDetayl\u0131 \u0130ncele\t\t\t\t\t\t<\/a>\n\t\t\t\t\t<\/div>\n\n\t\t\t\t\t\t\t<\/div>\n\t\t<\/div>\n\t<\/div>\t\n[\/vc_column][vc_column width=&#8221;1\/3&#8243;]\t\n\t<div class=\"flat-imagebox  \">\n\t\t<div class=\"flat-imagebox-inner\">\n\t\t\t\t\t\t\t<div class=\"flat-imagebox-image\">\n\t\t\t\t\t<img width=\"750\" height=\"501\" src=\"https:\/\/uzmandokum.com.tr\/demo\/wp-content\/uploads\/2021\/01\/master-looks-on-steelmaking-process-in-furnace-33RYS26-1.jpg\" class=\"attachment-full\" alt=\"\" loading=\"lazy\" srcset=\"https:\/\/uzmandokum.com.tr\/demo\/wp-content\/uploads\/2021\/01\/master-looks-on-steelmaking-process-in-furnace-33RYS26-1.jpg 750w, https:\/\/uzmandokum.com.tr\/demo\/wp-content\/uploads\/2021\/01\/master-looks-on-steelmaking-process-in-furnace-33RYS26-1-300x200.jpg 300w, https:\/\/uzmandokum.com.tr\/demo\/wp-content\/uploads\/2021\/01\/master-looks-on-steelmaking-process-in-furnace-33RYS26-1-370x247.jpg 370w, https:\/\/uzmandokum.com.tr\/demo\/wp-content\/uploads\/2021\/01\/master-looks-on-steelmaking-process-in-furnace-33RYS26-1-600x401.jpg 600w\" sizes=\"(max-width: 750px) 100vw, 750px\" \/>\t\t\t\t<\/div>\n\n\t\t\t\n\t\t\t<div class=\"flat-imagebox-header\">\n\t\t\t\t<h3 class=\"flat-imagebox-title\">\n\t\t\t\t\t<a href=\"#\" target=\"_self\">\n\t\t\t\t\t\tKum Model &amp; Kokil Kal\u0131p\t\t\t\t\t<\/a>\t\n\t\t\t\t<\/h3>\n\n\t\t\t\t\t\t\t<\/div>\n\n\t\t\t<div class=\"flat-imagebox-content\">\n\t\t\t\t\t\t\t\t\t<div class=\"flat-imagebox-desc\">\n\t\t\t\t\t\t\n\nKum ve Kokil y\u00f6ntemine uygun yap\u0131lan kal\u0131plard\u0131r.\n\n\t\t\t\t\t<\/div>\n\t\t\t\t\t\t\t\t\n\t\t\t\t\t\t\t\t\t\n\t\t\t\t\t<div class=\"flat-imagebox-button\">\n\t\t\t\t\t\t<a href=\"#\" target=\"_self\">\n\t\t\t\t\t\t\tDetayl\u0131 \u0130ncele\t\t\t\t\t\t<\/a>\n\t\t\t\t\t<\/div>\n\n\t\t\t\t\t\t\t<\/div>\n\t\t<\/div>\n\t<\/div>\t\n[\/vc_column][\/vc_row][vc_row full_width=&#8221;stretch_row&#8221; parallax_speed=&#8221;4&#8243; parallax_x=&#8221;4&#8243; parallax_y=&#8221;4&#8243; css=&#8221;.vc_custom_1489131198205{padding-top: 100px !important;padding-bottom: 76px !important;background-color: #f7f7f7 !important;}&#8221;][vc_column][vc_row_inner][vc_column_inner]<div class=\"title-section  style1\">\n\t\t<h1 class=\"title\">\n\t\t\tHizmetlerimiz\t\t\t\n\t\t<\/h1>\t\t\n\t\t\n\n\t<\/div>[vc_empty_space height=&#8221;20px&#8221;][\/vc_column_inner][\/vc_row_inner][vc_row_inner][vc_column_inner width=&#8221;1\/3&#8243;]<div class=\"flat-iconbox iconbox-style1 left rounded\">\n\t\t<div class=\"flat-iconbox-header\">\n\t\t\t<div class=\"flat-iconbox-icon\"><span class=\"fa fa-free-code-camp\"><\/span><\/div>\n\t\t\t<h4 class=\"flat-iconbox-title\">KUM D\u00d6K\u00dcM<\/h4>\n\t\t\t\n\t\t<\/div>\n\t\t<div class=\"flat-iconbox-content\">\n\t\t\t<span class=\"services_box__list-text\">Kum kal\u0131ba d\u00f6k\u00fcm y\u00f6ntemi en \u00e7ok kullan\u0131lan d\u00f6k\u00fcm y\u00f6ntemlerinden biridir.<\/span>\n\t\t\t\n\t\t\t<p class=\"box-readmore\">\n\t\t\t\t<a href=\"http:\/\/uzmandokum.com.tr\/demo\/hizmetler\/kum-dokum\/\" style=\"background-color:#18ba60;\">\u0130ncele<\/a>\n\t\t\t<\/p>\n\t\t<\/div>\n\t<\/div>[vc_empty_space height=&#8221;20px&#8221;]<div class=\"flat-iconbox iconbox-style1 left rounded\">\n\t\t<div class=\"flat-iconbox-header\">\n\t\t\t<div class=\"flat-iconbox-icon\"><span class=\"ion-wand\"><\/span><\/div>\n\t\t\t<h4 class=\"flat-iconbox-title\">MA\u00c7A<\/h4>\n\t\t\t\n\t\t<\/div>\n\t\t<div class=\"flat-iconbox-content\">\n\t\t\tD\u00f6k\u00fcm kal\u0131b\u0131nda \u00e7\u0131kar\u0131lamayan b\u00f6lgelerin tamamlanmas\u0131 i\u015flemidir.\n\t\t\t\n\t\t\t<p class=\"box-readmore\">\n\t\t\t\t<a href=\"http:\/\/uzmandokum.com.tr\/demo\/hizmetler\/maca\/\" style=\"background-color:#18ba60;\">\u0130ncele<\/a>\n\t\t\t<\/p>\n\t\t<\/div>\n\t<\/div>[vc_empty_space height=&#8221;20px&#8221;]<div class=\"flat-iconbox iconbox-style1 left rounded\">\n\t\t<div class=\"flat-iconbox-header\">\n\t\t\t<div class=\"flat-iconbox-icon\"><span class=\"ion-waterdrop\"><\/span><\/div>\n\t\t\t<h4 class=\"flat-iconbox-title\">SIZDIRMAZLIK TEST\u0130<\/h4>\n\t\t\t\n\t\t<\/div>\n\t\t<div class=\"flat-iconbox-content\">\n\t\t\t\u0130\u015flemeden sonra par\u00e7alar\u0131n su veya hava ile bas\u0131n\u00e7 alt\u0131nda test edilmesi i\u015flemidir.\n\t\t\t\n\t\t\t<p class=\"box-readmore\">\n\t\t\t\t<a href=\"http:\/\/uzmandokum.com.tr\/demo\/hizmetler\/sizdirmazlik-testi\/\" style=\"background-color:#18ba60;\">\u0130ncele<\/a>\n\t\t\t<\/p>\n\t\t<\/div>\n\t<\/div>[\/vc_column_inner][vc_column_inner width=&#8221;1\/3&#8243;]<div class=\"flat-iconbox iconbox-style1 left rounded\">\n\t\t<div class=\"flat-iconbox-header\">\n\t\t\t<div class=\"flat-iconbox-icon\"><span class=\"ion-aperture\"><\/span><\/div>\n\t\t\t<h4 class=\"flat-iconbox-title\">KOK\u0130L D\u00d6K\u00dcM<\/h4>\n\t\t\t\n\t\t<\/div>\n\t\t<div class=\"flat-iconbox-content\">\n\t\t\t<span class=\"services_box__list-text\">Kal\u0131b\u0131n\u0131n pahal\u0131 olmas\u0131 nedeniyle \u00e7ok say\u0131da par\u00e7an\u0131n \u00fcretimi i\u00e7in ideaildir.<\/span>\n\t\t\t\n\t\t\t<p class=\"box-readmore\">\n\t\t\t\t<a href=\"http:\/\/uzmandokum.com.tr\/demo\/hizmetler\/kokil-dokum\/\" style=\"background-color:#18ba60;\">\u0130ncele<\/a>\n\t\t\t<\/p>\n\t\t<\/div>\n\t<\/div>[vc_empty_space height=&#8221;20px&#8221;]<div class=\"flat-iconbox iconbox-style1 left rounded\">\n\t\t<div class=\"flat-iconbox-header\">\n\t\t\t<div class=\"flat-iconbox-icon\"><span class=\"ion-android-done-all\"><\/span><\/div>\n\t\t\t<h4 class=\"flat-iconbox-title\">ISIL \u0130\u015eLEM<\/h4>\n\t\t\t\n\t\t<\/div>\n\t\t<div class=\"flat-iconbox-content\">\n\t\t\tD\u00f6k\u00fcm sonras\u0131 par\u00e7alar\u0131n sertle\u015ftirilmesi ve ya\u015fland\u0131r\u0131lmas\u0131 i\u015flemidir.\n\t\t\t\n\t\t\t<p class=\"box-readmore\">\n\t\t\t\t<a href=\"http:\/\/uzmandokum.com.tr\/demo\/hizmetler\/isil-islem\/\" style=\"background-color:#18ba60;\">\u0130ncele<\/a>\n\t\t\t<\/p>\n\t\t<\/div>\n\t<\/div>[vc_empty_space height=&#8221;20px&#8221;]<div class=\"flat-iconbox iconbox-style1 left rounded\">\n\t\t<div class=\"flat-iconbox-header\">\n\t\t\t<div class=\"flat-iconbox-icon\"><span class=\"ion-android-expand\"><\/span><\/div>\n\t\t\t<h4 class=\"flat-iconbox-title\">KUM KALIP MODEL\u0130<\/h4>\n\t\t\t\n\t\t<\/div>\n\t\t<div class=\"flat-iconbox-content\">\n\t\t\tKontroplak veya rapidden \u00fcretilen kum kal\u0131plama y\u00f6ntemine uygun yap\u0131lan modelleme i\u015flemidir.\n\t\t\t\n\t\t\t<p class=\"box-readmore\">\n\t\t\t\t<a href=\"http:\/\/uzmandokum.com.tr\/demo\/hizmetler\/kum-kalip-modeli\/\" style=\"background-color:#18ba60;\">\u0130ncele<\/a>\n\t\t\t<\/p>\n\t\t<\/div>\n\t<\/div>[\/vc_column_inner][vc_column_inner width=&#8221;1\/3&#8243;]<div class=\"flat-iconbox iconbox-style1 left rounded\">\n\t\t<div class=\"flat-iconbox-header\">\n\t\t\t<div class=\"flat-iconbox-icon\"><span class=\"ion-mic-c\"><\/span><\/div>\n\t\t\t<h4 class=\"flat-iconbox-title\">TESV\u0130YE &amp; KUMLAMA<\/h4>\n\t\t\t\n\t\t<\/div>\n\t\t<div class=\"flat-iconbox-content\">\n\t\t\tD\u00f6k\u00fcm sonras\u0131 \u00fcr\u00fcnlerde \u00e7apak alma ve temizleme i\u015flemine verilen isimdir.\n\t\t\t\n\t\t\t<p class=\"box-readmore\">\n\t\t\t\t<a href=\"http:\/\/uzmandokum.com.tr\/demo\/hizmetler\/tesviye-kumlama\/\" style=\"background-color:#18ba60;\">\u0130ncele<\/a>\n\t\t\t<\/p>\n\t\t<\/div>\n\t<\/div>[vc_empty_space height=&#8221;20px&#8221;]<div class=\"flat-iconbox iconbox-style1 left rounded\">\n\t\t<div class=\"flat-iconbox-header\">\n\t\t\t<div class=\"flat-iconbox-icon\"><span class=\"ion-android-options\"><\/span><\/div>\n\t\t\t<h4 class=\"flat-iconbox-title\">\u0130\u015eLEME<\/h4>\n\t\t\t\n\t\t<\/div>\n\t\t<div class=\"flat-iconbox-content\">\n\t\t\tD\u00f6k\u00fcmden \u00e7\u0131kan par\u00e7alar\u0131n istenilen \u00f6l\u00e7\u00fclere getirilmesi i\u015flemidir.\n\t\t\t\n\t\t\t<p class=\"box-readmore\">\n\t\t\t\t<a href=\"http:\/\/uzmandokum.com.tr\/demo\/hizmetler\/isleme\/\" style=\"background-color:#18ba60;\">\u0130ncele<\/a>\n\t\t\t<\/p>\n\t\t<\/div>\n\t<\/div>[vc_empty_space height=&#8221;20px&#8221;]<div class=\"flat-iconbox iconbox-style1 left rounded\">\n\t\t<div class=\"flat-iconbox-header\">\n\t\t\t<div class=\"flat-iconbox-icon\"><span class=\"ion-android-exit\"><\/span><\/div>\n\t\t\t<h4 class=\"flat-iconbox-title\">KOK\u0130L KALIP<\/h4>\n\t\t\t\n\t\t<\/div>\n\t\t<div class=\"flat-iconbox-content\">\n\t\t\t\u00c7elik veya sfero ile \u00fcretilen kokil kal\u0131plama y\u00f6ntemine uygun kal\u0131plama sistemidir.\n\t\t\t\n\t\t\t<p class=\"box-readmore\">\n\t\t\t\t<a href=\"http:\/\/uzmandokum.com.tr\/demo\/hizmetler\/kokil-kalip\/\" style=\"background-color:#18ba60;\">\u0130ncele<\/a>\n\t\t\t<\/p>\n\t\t<\/div>\n\t<\/div>[\/vc_column_inner][\/vc_row_inner][\/vc_column][\/vc_row][vc_row parallax_speed=&#8221;4&#8243; parallax_x=&#8221;4&#8243; parallax_y=&#8221;4&#8243; css=&#8221;.vc_custom_1490761421642{padding-top: 70px !important;padding-bottom: 30px !important;}&#8221;][vc_column][vc_row_inner][vc_column_inner width=&#8221;2\/3&#8243;]<div class=\"title-section  style1\">\n\t\t<h1 class=\"title\">\n\t\t\tB\u0130ZDEN HABERLER\t\t\t\n\t\t<\/h1>\t\t\n\t\t\n\n\t<\/div>[vc_empty_space height=&#8221;35px&#8221;][\/vc_column_inner][vc_column_inner width=&#8221;1\/3&#8243;]<div class=\"title-section  style1\">\n\t\t<h1 class=\"title\">\n\t\t\tE-KATALOG\t\t\t\n\t\t<\/h1>\t\t\n\t\t\n\n\t<\/div>[vc_empty_space height=&#8221;35px&#8221;][\/vc_column_inner][\/vc_row_inner][vc_row_inner][vc_column_inner width=&#8221;2\/3&#8243;]\n\t\t\t<div class=\"blog-shortcode  blog-grid blog-two-columns\">\n\n\t\t\t\n\t\t\t\t        \t<article class=\"entry\">\n\t        \t\t<div class=\"entry-border\">\n\t\t\t\t\t\t<div class=\"featured-post\">\n\t\t\t\t\t\t\t<a href=\"https:\/\/uzmandokum.com.tr\/demo\/tesisimize-yeni-yatirimlar-yapildi\/\">\t\t\t\t\t\t\t\n\t\t\t\t\t\t\t\t<img width=\"370\" height=\"247\" src=\"https:\/\/uzmandokum.com.tr\/demo\/wp-content\/uploads\/2021\/01\/master-looks-on-steelmaking-process-in-furnace-33RYS26-370x247.jpg\" class=\"attachment-themesflat-blog-shortcode size-themesflat-blog-shortcode wp-post-image\" alt=\"\" loading=\"lazy\" srcset=\"https:\/\/uzmandokum.com.tr\/demo\/wp-content\/uploads\/2021\/01\/master-looks-on-steelmaking-process-in-furnace-33RYS26-370x247.jpg 370w, https:\/\/uzmandokum.com.tr\/demo\/wp-content\/uploads\/2021\/01\/master-looks-on-steelmaking-process-in-furnace-33RYS26-300x200.jpg 300w, https:\/\/uzmandokum.com.tr\/demo\/wp-content\/uploads\/2021\/01\/master-looks-on-steelmaking-process-in-furnace-33RYS26-600x401.jpg 600w, https:\/\/uzmandokum.com.tr\/demo\/wp-content\/uploads\/2021\/01\/master-looks-on-steelmaking-process-in-furnace-33RYS26.jpg 750w\" sizes=\"(max-width: 370px) 100vw, 370px\" \/>\t\t\t\t\t\t\t<\/a>\n\t\t\t\t\t\t<\/div>\n\t\t\t\t\t\t<div class=\"content-post\">\n\t\t\t\t\t\t\t<h2><a href=\"https:\/\/uzmandokum.com.tr\/demo\/tesisimize-yeni-yatirimlar-yapildi\/\">Tesisimize Yeni Yat\u0131r\u0131mlar Yap\u0131ld\u0131<\/a><\/h2>\n\n\t\t\t\t\t\t\t<div class=\"entry-meta clearfix\">\n\t\t\t\t\t\t\t\t<span class=\"entry-date\">13<\/span>\n\t\t\t\t\t\t\t\t<span class=\"entry-month\">Oca<\/span>\n\t\t\t\t\t\t\t<\/div><!-- .meta-post -->\n\t\t\t\t\t\t\t\n\t\t\t\t\t\t\t\t\t\t\t\t\t<\/div>\n\t\t\t\t\t<\/div>\n\t\t\t\t<\/article><!-- \/.entry -->\n\n\t\t\t\t        \t<article class=\"entry\">\n\t        \t\t<div class=\"entry-border\">\n\t\t\t\t\t\t<div class=\"featured-post\">\n\t\t\t\t\t\t\t<a href=\"https:\/\/uzmandokum.com.tr\/demo\/tesisimizi-buyuttuk\/\">\t\t\t\t\t\t\t\n\t\t\t\t\t\t\t\t<img width=\"370\" height=\"247\" src=\"https:\/\/uzmandokum.com.tr\/demo\/wp-content\/uploads\/2021\/01\/empty-dilapidated-casting-metalwork-workshop-NGNU4AK-370x247.jpg\" class=\"attachment-themesflat-blog-shortcode size-themesflat-blog-shortcode wp-post-image\" alt=\"\" loading=\"lazy\" srcset=\"https:\/\/uzmandokum.com.tr\/demo\/wp-content\/uploads\/2021\/01\/empty-dilapidated-casting-metalwork-workshop-NGNU4AK-370x247.jpg 370w, https:\/\/uzmandokum.com.tr\/demo\/wp-content\/uploads\/2021\/01\/empty-dilapidated-casting-metalwork-workshop-NGNU4AK-300x199.jpg 300w, https:\/\/uzmandokum.com.tr\/demo\/wp-content\/uploads\/2021\/01\/empty-dilapidated-casting-metalwork-workshop-NGNU4AK.jpg 750w\" sizes=\"(max-width: 370px) 100vw, 370px\" \/>\t\t\t\t\t\t\t<\/a>\n\t\t\t\t\t\t<\/div>\n\t\t\t\t\t\t<div class=\"content-post\">\n\t\t\t\t\t\t\t<h2><a href=\"https:\/\/uzmandokum.com.tr\/demo\/tesisimizi-buyuttuk\/\">Tesisimizi B\u00fcy\u00fctt\u00fck<\/a><\/h2>\n\n\t\t\t\t\t\t\t<div class=\"entry-meta clearfix\">\n\t\t\t\t\t\t\t\t<span class=\"entry-date\">13<\/span>\n\t\t\t\t\t\t\t\t<span class=\"entry-month\">Oca<\/span>\n\t\t\t\t\t\t\t<\/div><!-- .meta-post -->\n\t\t\t\t\t\t\t\n\t\t\t\t\t\t\t\t\t\t\t\t\t<\/div>\n\t\t\t\t\t<\/div>\n\t\t\t\t<\/article><!-- \/.entry -->\n\n\t\t\t<\/div>[\/vc_column_inner][vc_column_inner width=&#8221;1\/3&#8243;][vc_column_text]<\/p>\n<div class=\"brochure\">\n<p>Daha \u00f6nce yapt\u0131\u011f\u0131m\u0131z \u00e7al\u0131\u015fmalar\u0131 i\u00e7eren e-katalog dosyam\u0131z\u0131 .pdf ya da .doc olarak a\u015fa\u011f\u0131daki linklerden indirebilirsiniz. \u00c7al\u0131\u015fmalar\u0131m\u0131z hakk\u0131nda detayl\u0131 bilgiye sahip olarak bizimle ile ileti\u015fime ge\u00e7ebilirsiniz.<\/p>\n<p class=\"btn-cons btn-download\"><a href=\"#\">PDF OLARAK \u0130ND\u0130R<\/a><\/p>\n<p class=\"btn-cons btn-download doc\"><a href=\"#\">DOC OLARAK \u0130ND\u0130R<\/a><\/p>\n<\/div>\n<p>[\/vc_column_text][\/vc_column_inner][\/vc_row_inner][\/vc_column][\/vc_row][vc_row full_width=&#8221;stretch_row&#8221; parallax_speed=&#8221;4&#8243; parallax_x=&#8221;4&#8243; parallax_y=&#8221;4&#8243; css=&#8221;.vc_custom_1548059477242{padding-top: 35px !important;padding-bottom: 0px !important;background-color: #3a526a !important;}&#8221;][vc_column width=&#8221;4\/12&#8243;][vc_column_text el_class=&#8221;text-block-callback&#8221;]<\/p>\n<h2 style=\"text-align: left;\">HEMEN S\u0130Z\u0130 ARAYALIM<\/h2>\n<div class=\"wpb_text_column wpb_content_element \" style=\"text-align: left;\">\u00dcr\u00fcnlerimizin \u00e7al\u0131\u015fma \u015fekilleri, kalitesi ve fiyatlar\u0131 hakk\u0131nda detayl\u0131 bilgi almak i\u00e7in formu doldurarak bize ula\u015f\u0131n. Bildiriminizi alan sat\u0131\u015f ekibimiz hemen sizinle ileti\u015fime ge\u00e7ecektir.<\/div>\n<p>[\/vc_column_text][\/vc_column][vc_column width=&#8221;8\/12&#8243; el_class=&#8221;call-back-form&#8221;]<div role=\"form\" class=\"wpcf7\" id=\"wpcf7-f329-o1\" lang=\"en-US\" dir=\"ltr\">\n<div class=\"screen-reader-response\"><p role=\"status\" aria-live=\"polite\" aria-atomic=\"true\"><\/p> <ul><\/ul><\/div>\n<form action=\"\/demo\/wp-json\/wp\/v2\/pages\/1545#wpcf7-f329-o1\" method=\"post\" class=\"wpcf7-form init\" novalidate=\"novalidate\" data-status=\"init\">\n<div style=\"display: none;\">\n<input type=\"hidden\" name=\"_wpcf7\" value=\"329\" \/>\n<input type=\"hidden\" name=\"_wpcf7_version\" value=\"5.3.2\" \/>\n<input type=\"hidden\" name=\"_wpcf7_locale\" value=\"en_US\" \/>\n<input type=\"hidden\" name=\"_wpcf7_unit_tag\" value=\"wpcf7-f329-o1\" \/>\n<input type=\"hidden\" name=\"_wpcf7_container_post\" value=\"0\" \/>\n<input type=\"hidden\" name=\"_wpcf7_posted_data_hash\" value=\"\" \/>\n<\/div>\n<div class=\"flat-wrap-field clearfix\">\n<div class=\"flat-one-half\">\n<label>Formu doldurarak bize ula\u015fabilirsiniz.<\/label><br \/>\n<span class=\"wpcf7-form-control-wrap your-recipient\"><select name=\"your-recipient\" class=\"wpcf7-form-control wpcf7-select\" aria-invalid=\"false\"><option value=\"Fiyat Teklifi Hakk\u0131nda\">Fiyat Teklifi Hakk\u0131nda<\/option><option value=\"\u00dcr\u00fcnler Hakk\u0131nda\">\u00dcr\u00fcnler Hakk\u0131nda<\/option><option value=\"G\u00f6r\u00fc\u015fme Hakk\u0131nda\">G\u00f6r\u00fc\u015fme Hakk\u0131nda<\/option><\/select><\/span>\n<\/div>\n<div class=\"flat-one-half flat-email\">\n<span class=\"wpcf7-form-control-wrap your-email\"><input type=\"email\" name=\"your-email\" value=\"\" size=\"40\" class=\"wpcf7-form-control wpcf7-text wpcf7-email wpcf7-validates-as-required wpcf7-validates-as-email\" aria-required=\"true\" aria-invalid=\"false\" placeholder=\"E-Posta\" \/><\/span>\n<\/div>\n<\/div>\n<div class=\"flat-wrap-field clearfix\">\n<div class=\"flat-one-half\">\n<span class=\"wpcf7-form-control-wrap You\"><input type=\"text\" name=\"You\" value=\"\" size=\"40\" class=\"wpcf7-form-control wpcf7-text\" aria-invalid=\"false\" placeholder=\"Telefon Numaran\u0131z\" \/><\/span><\/p>\n<\/div>\n<div class=\"flat-one-half\">\n<button type=\"submit\" class=\"flat-button-form\">G\u00f6nder<\/button>\n<\/div>\n<\/div>\n<div class=\"wpcf7-response-output\" aria-hidden=\"true\"><\/div><\/form><\/div>[\/vc_column][\/vc_row]<\/p>\n","protected":false},"excerpt":{"rendered":"<p>[vc_row full_width=&#8221;stretch_row_content_no_spaces&#8221; parallax_speed=&#8221;4&#8243; parallax_x=&#8221;4&#8243; parallax_y=&#8221;4&#8243;][vc_column][rev_slider_vc alias=&#8221;slide-home&#8221;][\/vc_column][\/vc_row][vc_row full_width=&#8221;stretch_row&#8221; parallax_speed=&#8221;4&#8243; parallax_x=&#8221;4&#8243; parallax_y=&#8221;4&#8243; css=&#8221;.vc_custom_1484559993316{padding-top: 60px !important;padding-bottom: 60px !important;}&#8221;][vc_column width=&#8221;1\/3&#8243;][\/vc_column][vc_column width=&#8221;1\/3&#8243;][\/vc_column][vc_column width=&#8221;1\/3&#8243;][\/vc_column][\/vc_row][vc_row full_width=&#8221;stretch_row&#8221; parallax_speed=&#8221;4&#8243; parallax_x=&#8221;4&#8243; parallax_y=&#8221;4&#8243; css=&#8221;.vc_custom_1489131198205{padding-top: 100px !important;padding-bottom: 76px !important;background-color: #f7f7f7 !important;}&#8221;][vc_column][vc_row_inner][vc_column_inner][vc_empty_space height=&#8221;20px&#8221;][\/vc_column_inner][\/vc_row_inner][vc_row_inner][vc_column_inner width=&#8221;1\/3&#8243;][vc_empty_space height=&#8221;20px&#8221;][vc_empty_space height=&#8221;20px&#8221;][\/vc_column_inner][vc_column_inner width=&#8221;1\/3&#8243;][vc_empty_space height=&#8221;20px&#8221;][vc_empty_space height=&#8221;20px&#8221;][\/vc_column_inner][vc_column_inner width=&#8221;1\/3&#8243;][vc_empty_space height=&#8221;20px&#8221;][vc_empty_space height=&#8221;20px&#8221;][\/vc_column_inner][\/vc_row_inner][\/vc_column][\/vc_row][vc_row parallax_speed=&#8221;4&#8243; parallax_x=&#8221;4&#8243; parallax_y=&#8221;4&#8243; css=&#8221;.vc_custom_1490761421642{padding-top: 70px !important;padding-bottom: 30px !important;}&#8221;][vc_column][vc_row_inner][vc_column_inner width=&#8221;2\/3&#8243;][vc_empty_space height=&#8221;35px&#8221;][\/vc_column_inner][vc_column_inner width=&#8221;1\/3&#8243;][vc_empty_space height=&#8221;35px&#8221;][\/vc_column_inner][\/vc_row_inner][vc_row_inner][vc_column_inner [&hellip;]<\/p>\n","protected":false},"author":1,"featured_media":0,"parent":0,"menu_order":0,"comment_status":"closed","ping_status":"closed","template":"tpl\/front-page.php","meta":[],"_links":{"self":[{"href":"https:\/\/uzmandokum.com.tr\/demo\/wp-json\/wp\/v2\/pages\/1545"}],"collection":[{"href":"https:\/\/uzmandokum.com.tr\/demo\/wp-json\/wp\/v2\/pages"}],"about":[{"href":"https:\/\/uzmandokum.com.tr\/demo\/wp-json\/wp\/v2\/types\/page"}],"author":[{"embeddable":true,"href":"https:\/\/uzmandokum.com.tr\/demo\/wp-json\/wp\/v2\/users\/1"}],"replies":[{"embeddable":true,"href":"https:\/\/uzmandokum.com.tr\/demo\/wp-json\/wp\/v2\/comments?post=1545"}],"version-history":[{"count":56,"href":"https:\/\/uzmandokum.com.tr\/demo\/wp-json\/wp\/v2\/pages\/1545\/revisions"}],"predecessor-version":[{"id":2279,"href":"https:\/\/uzmandokum.com.tr\/demo\/wp-json\/wp\/v2\/pages\/1545\/revisions\/2279"}],"wp:attachment":[{"href":"https:\/\/uzmandokum.com.tr\/demo\/wp-json\/wp\/v2\/media?parent=1545"}],"curies":[{"name":"wp","href":"https:\/\/api.w.org\/{rel}","templated":true}]}}